12 divide 3708?
True
Is 8879 a multiple of 48?
False
Does 68 divide 2468?
False
Is 32 a factor of 1024?
True
Does 12 divide 2448?
True
Does 51 divide 4782?
False
Is 17 a factor of 69393?
False
Is 292 a multiple of 13?
False
Does 259 divide 20461?
True
Is 654 a multiple of 6?
True
Is 10 a factor of 270?
True
Does 5 divide 8678?
False
Does 81 divide 405?
True
Does 102 divide 12160?
False
Is 31712 a multiple of 8?
True
Is 707 a multiple of 16?
False
Is 36816 a multiple of 52?
True
Does 24 divide 2016?
True
Is 988 a multiple of 17?
False
Is 419 a factor of 75839?
True
Does 71 divide 6035?
True
Is 2745 a multiple of 45?
True
Does 15 divide 78037?
False
Does 391 divide 59060?
False
Does 21 divide 252?
True
Is 3302 a multiple of 26?
True
Is 100 a factor of 1300?
True
Is 929 even?
False
Is 11563 a multiple of 49?
False
Does 76 divide 66424?
True
Does 18 divide 1080?
True
Does 27 divide 4212?
True
Is 244 a factor of 68564?
True
Is 180 a multiple of 5?
True
Does 24 divide 1320?
True
Is 18554 a multiple of 22?
False
Is 16 a multiple of 16?
True
Is 47043 a multiple of 172?
False
Does 15 divide 3685?
False
Does 59 divide 12803?
True
Is 167 a multiple of 31?
False
Is 318 a multiple of 20?
False
Is 1314 a multiple of 3?
True
Is 144279 a multiple of 369?
True
Is 217 a multiple of 7?
True
Is 687 a multiple of 13?
False
Does 36 divide 1584?
True
Is 32 a factor of 2912?
True
Does 11 divide 7271?
True
Is 1915 a multiple of 16?
False
Is 15 a factor of 5280?
True
Does 119 divide 1071?
True
Is 18724 a multiple of 151?
True
Is 66 a factor of 56821?
False
Is 50313 a multiple of 93?
True
Is 1238 a multiple of 18?
False
Is 109 a multiple of 3?
False
Does 24 divide 839?
False
Is 44668 a multiple of 52?
True
Is 2 a factor of 24?
True
Is 32 a factor of 53932?
False
Does 32 divide 416?
True
Is 103 a factor of 44960?
False
Does 16 divide 506?
False
Is 8900 a multiple of 25?
True
Does 11 divide 1815?
True
Is 15746 a multiple of 142?
False
Does 92 divide 1182?
False
Does 3 divide 945?
True
Does 9 divide 774?
True
Does 7 divide 67711?
True
Is 46 a factor of 8429?
False
Does 42 divide 1512?
True
Does 22 divide 1078?
True
Is 3 a factor of 26872?
False
Is 6 a factor of 750?
True
Does 43 divide 1075?
True
Does 166 divide 41832?
True
Is 598 a multiple of 46?
True
Is 3717 a multiple of 3?
True
Is 2341 a multiple of 6?
False
Does 96 divide 3360?
True
Is 392 a multiple of 49?
True
Does 7 divide 664?
False
Is 59 a factor of 2875?
False
Is 110 a factor of 11770?
True
Is 111 a multiple of 31?
False
Is 7 a factor of 7729?
False
Is 9 a factor of 8562?
False
Is 413 a multiple of 9?
False
Does 31 divide 13650?
False
Is 11 a factor of 44209?
True
Does 82 divide 2378?
True
Does 6 divide 228?
True
Does 15 divide 180?
True
Is 11242 a multiple of 154?
True
Is 32760 a multiple of 252?
True
Does 3 divide 465?
True
Is 64 a multiple of 8?
True
Does 19 divide 6063?
False
Does 8 divide 868?
False
Is 6222 a multiple of 6?
True
Does 12 divide 480?
True
Is 12 a factor of 2916?
True
Is 75 a factor of 300?
True
Does 3 divide 2886?
True
Is 4 a factor of 1448?
True
Is 17839 a multiple of 34?
False
Is 26 a factor of 962?
True
Does 32 divide 3673?
False
Does 6 divide 511?
False
Is 21 a factor of 1999?
False
Does 86 divide 9288?
True
Is 8 a factor of 66?
False
Does 12 divide 144?
True
Does 16 divide 832?
True
Is 1112 a multiple of 13?
False
Is 9 a multiple of 9?
True
Is 9128 a multiple of 14?
True
Is 41 a factor of 1846?
False
Is 318 a multiple of 6?
True
Does 27 divide 1107?
True
Does 18 divide 46386?
True
Is 3 a factor of 10499?
False
Is 52 a factor of 312?
True
Is 28773 a multiple of 139?
True
Is 10370 a multiple of 5?
True
Is 12 a factor of 2040?
True
Is 2604 a multiple of 21?
True
Is 1879 a multiple of 61?
False
Does 48 divide 6185?
False
Is 471 a multiple of 9?
False
Is 14 a factor of 939?
False
Does 12 divide 300?
True
Is 132 a factor of 894?
False
Does 88 divide 31848?
False
Is 1782 a multiple of 22?
True
Is 246 a factor of 67739?
False
Does 129 divide 16641?
True
Is 54 a factor of 45252?
True
Is 43 a factor of 129?
True
Is 10 a factor of 99?
False
Does 39 divide 5314?
False
Is 11 a factor of 3077?
False
Is 2 a factor of 221?
False
Does 3 divide 46?
False
Is 140 a multiple of 7?
True
Is 2270 a multiple of 70?
False
Is 595 a multiple of 85?
True
Does 26 divide 18418?
False
Does 102 divide 1380?
False
Is 2398 a multiple of 18?
False
Is 4653 a multiple of 9?
True
Is 43584 a multiple of 28?
False
Is 1551 a multiple of 17?
False
Is 2 a factor of 40?
True
Does 32 divide 332?
False
Is 14 a factor of 2759?
False
Is 41 a factor of 14725?
False
Is 8 a factor of 21?
False
Is 2526 a multiple of 6?
True
Is 19 a factor of 863?
False
Is 14 a factor of 98?
True
Is 18 a factor of 504?
True
Does 52 divide 6743?
False
Is 1198 a multiple of 9?
False
Is 2635 a multiple of 72?
False
Is 36 a factor of 36?
True
Does 78 divide 7644?
True
Does 132 divide 5543?
False
Is 7 a factor of 396?
False
Does 19 divide 380?
True
Is 272 a multiple of 29?
False
Is 21 a factor of 279?
False
Is 19 a factor of 20670?
False
Is 1434 a multiple of 24?
False
Does 5 divide 1195?
True
Is 60099 a multiple of 23?
True
Is 35 a factor of 15050?
True
Does 34 divide 51934?
False
Does 8 divide 34400?
True
Is 924 a multiple of 86?
False
Does 36 divide 41264?
False
Is 4 a factor of 1288?
True
Is 180 a factor of 28260?
True
Does 75 divide 6150?
True
Does 55 divide 5500?
True
Does 18 divide 73062?
True
Is 93 a factor of 11562?
False
Does 14 divide 10276?
True
Does 4 divide 109?
False
Is 33 a factor of 561?
True
Is 36 a factor of 1998?
False
Does 29 divide 6128?
False
Is 123 a factor of 4913?
False
Is 210 a factor of 76020?
True
Is 6070 a multiple of 18?
False
Is 56254 a multiple of 19?
False
Is 572 a multiple of 22?
True
Is 231 even?
False
Is 57548 a multiple of 55?
False
Is 2482 a multiple of 5?
False
Is 1034 a multiple of 47?
True
Does 45 divide 180?
True
Does 66 divide 11616?
True
Is 5 a factor of 669?
False
Does 47 divide 22231?
True
Is 4 a factor of 780?
True
Is 24 a factor of 272?
False
Is 33252 a multiple of 45?
False
Does 9 divide 28?
False
Does 9 divide 162?
True
Is 3542 a multiple of 46?
True
Is 2431 a multiple of 22?
False
Is 14 a factor of 20360?
False
Does 46 divide 51842?
True
Is 720 a multiple of 16?
True
Does 15 divide 20373?
False
Does 40 divide 10436?
False
Does 12 divide 1619?
False
Is 60 a factor of 1560?
True
Is 12 a factor of 3902?
False
Does 69 divide 1280?
False
Does 31 divide 227?
False
Is 15 a factor of 8880?
True
Is 8400 a multiple of 200?
True
Is 636 a multiple of 85?
False
Does 84 divide 9072?
True
Is 1616 a multiple of 16?
True
Does 6 divide 6?
True
Does 10 divide 582?
False
Does 33 divide 2480?
False
Does 61 divide 27816?
True
Does 33 divide 5313?
True
Is 21004 a multiple of 118?
True
Is 20 a factor of 1559?
False
Is 22330 a multiple of 145?
True
Is 71 a factor of 7955?
False
Is 819 a multiple of 63?
True
Is 8 a factor of 215?
False
Is 1206 a multiple of 67?
True
Is 3 a factor of 1125?
True
Is 21 a factor of 1834?
False
Is 3 a factor of 1818?
True
Is 16 a factor of 4757?
False
Is 5330 a multiple of 13?
True
Does 11 divide 25157?
True
Does 104 divide 8959?
False
Is 4 a factor of 27412?
True
Is 14211 a multiple of 47?
False
Is 18964 a multiple of 11?
True
Does 17 divide 8179?
False
Is 185 even?
False
Is 192 a multiple of 12?
True
Does 46 divide 368?
True
Does 96 divide 65405?
False
Does 48 divide 240?
True
Is 4930 a multiple of 73?
False
Does 14 divide 56?
True
Does 51 divide 36975?
True
Does 38 divide 3055?
False
Is 64 a factor of 20894?
False
Is 13 a factor of 2145?
True
Is 13 a factor of 24601?
False
Does 9 divide 15036?
False
Is 46 a factor of 9062?
True
Is 32 a factor of 55936?
True
Is 2 a factor of 88?
True
Is 2171 a multiple of 16?
False
Is 202 a factor of 6464?
True
Is 4 a factor of 17969?
False
Is 18 a factor of 1477?
False
Does 16 divide 7637?
False
Is 736 a multiple of 23?
True
Is 277 a factor of 89364?
False
Does 51 divide 1683?
True
Is 1300 a multiple of 17?
False
Is 315 a multiple of 21?
True
Does 11 divide 161502?
True
Is 29506 a multiple of 6?
False
Is 9100 a multiple of 146?
False
Is 225 a factor of 5179?
False
Is 66069 a multiple of 27?
True
Is 3374 a multiple of 14?
True
Is 18 a factor of 2376?
True
Is 47 a fac